*k - 6. Let s(c) = 2*c**2 - 2. What is s(f)?
6
Let m(z) = -z**3 - 4*z**2 + z. Let v(h) = -5*h**3 - 29*h**2 - 2. Let l(o) = 6*m(o) - v(o). Give l(6).
2
Let k = 808 - 804. Let b(r) = 9*r - 3. Give b(k).
33
Let u(f) = -f**2 + 7*f - 3. Let q = -10 - 2. Let y be (-2)/((q/4)/(-3)). Let b be 5*(y + 2 - -1). Calculate u(b).
7
Let k(z) = z**3 - 2*z**2 + z. Let u(f) = 6*f - 237. Let q be u(40). Calculate k(q).
12
Let p be 1/2*(5 + 1). Let t(c) = -2*c**3 - 2*c**2 + c**3 - p*c**2 - 2*c. Let d = -5192 - -5189. Determine t(d).
-12
Let z be (6/(-12))/((-1)/4). Suppose 3*g + 20 = c + c, z*c = 4*g + 18. Let v(u) = 10*u + 5 + 3*u**3 - u**2 - c*u - 3*u**2 - 2*u**3. Give v(4).
-7
Let p be 1/(-3)*(2 + -11). Let c = 780 + -400. Let o(i) = -6*i**2 + i**3 + 387*i - p - c*i - 4. Determine o(5).
3
Let m = 43 + -14. Let g = -30 + m. Let o(f) = -21*f**3 - 2*f**2 - f. What is o(g)?
20
Let p(d) = 15*d - 13. Let c(h) = -7*h + 4. Let s(t) = -7*c(t) - 3*p(t). Give s(-8).
-21
Let i(y) = -3. Let r(z) = -z - 16. Let m(f) = 11*i(f) - 2*r(f). Calculate m(4).
7
Let x(i) = i. Suppose 2*o + 5*b = -4, 5*b + 2 = 3*o - 4*o. Let v be 1 - ((3 - 3) + o). Let c be v*(-1 + 3 + -1). Give x(c).
3
Let s(o) be the second derivative of 1/2*o**2 - 5/12*o**4 - 1/3*o**3 + 1/20*o**5 + 0 - 7*o. Let p = -29 + 34. Determine s(p).
-9
Let n(s) = -6*s + 3. Suppose -4*x = g - 6, 7*x - 4 = 2*x - 3*g. Determine n(x).
-9
Let n(q) = 7*q**2 - 2*q - 1. Let p(m) be the first derivative of 20*m**3/3 - 7*m**2/2 - 2*m + 10. Let l(j) = 17*n(j) - 6*p(j). What is l(6)?
7
Suppose -2*v + 2*c + 10 = 0, 3*v - 32 = -2*v - 2*c. Let s(q) = v*q - 2*q - 1 - q. Suppose -2*o - 5*n + 27 = 2*o, -2*o + 18 = 4*n. Determine s(o).
8
Suppose 14*i - 9*i = 3*h - 99, -2*h = -i - 24. Let b(f) = -f**3 - 17*f**2 + 19*f + 14. Determine b(i).
-4
Let v(l) = 5 - l**3 + 1 - 1 - 4. Let k(h) = -3*h**3 + 3*h**2 + h + 4. Let x(n) = k(n) - 5*v(n). Give x(-2).
-7
Let j = -607 - -603. Let i(s) = -4*s - 2 + 3*s**2 + 2 + s**3 + 2. Determine i(j).
2
Let g(n) be the second derivative of -4*n**3/3 + 3*n**2/2 - 122*n. Calculate g(2).
-13
Let c(v) be the second derivative of v**5/20 + v**4/12 - 5*v**3/6 - 3*v**2/2 - 88*v. What is c(-2)?
3
Let w(i) = -55*i**2 - 24*i - 4. Let m(c) = -25*c**2 - 11*c - 2. Let h(f) = -9*m(f) + 4*w(f). Calculate h(-3).
38
Let x(y) = 7*y + 1. Let w(p) be the first derivative of -11*p**2 - 2*p - 1. Let z(o) = 5*w(o) + 16*x(o). Let u = 1753 + -1757. Give z(u).
-2
Let z(f) = 3*f**3 - 2*f + 1. Suppose 5 = -2*n + 3*n. Let m(v) = -v + 6. Let t be m(n). Let r be z(t). Let j(x) = x. Determine j(r).
2
Suppose -133 - 60 = 54*v + 23. Let g be ((-12)/(-9))/((-2)/(-3)). Let d(f) = g*f + 4*f + 5 + 2*f**3 + 5*f**2 - f**3. What is d(v)?
-3
Let t(x) = -2*x - 9. Let i(v) = 2*v + 13. Let r(u) = -3*i(u) - 4*t(u). Let l be 56/(-9) + (-4)/(-18). Determine r(l).
-15
Suppose -280 = -19*v + 11*v. Let s be 5 + 115/v - 4/14. Let r(u) = u - 6. Determine r(s).
2
Let a(p) = p + 11. Let h be a(-10). Let s(q) be the second derivative of 5*q**3/3 + 4*q. Determine s(h).
10
Let z(q) = -6617*q - q**2 + 3316*q - 2 + 3308*q. Determine z(6).
4
Let l(y) be the first derivative of 8/3*y**3 + 7/2*y**2 + 6*y + 5 + 1/4*y**4. Determine l(-7).
6
Let n(l) = 4*l + 15. Let y be n(-4). Let v(q) = -14*q**3 + 2*q**2 + 2*q + 1. Give v(y).
15
Let k(v) be the second derivative of -v**7/840 - 7*v**6/360 - v**5/20 + v**4/4 - 11*v**3/6 - 14*v. Let z(d) be the second derivative of k(d). Calculate z(-6).
6
Suppose 0 = 2*a - 2 - 4, -5*y = -5*a + 5. Let j(c) = y*c + c + c - 3*c. What is j(3)?
3
Let b be (1 - 24/20) + 634/(-5). Let f = b - -137. Let h(y) = -2*y + 14. Give h(f).
-6
Let j(v) = -3*v - 5. Let q be (-2 - (-5 - -5) - -6) + -8. Calculate j(q).
7
Let g = -641 - -632. Let n(h) = h**2 + 10*h - 4. What is n(g)?
-13
Let j be (3/9)/(5/(2 - 77)). Let a(p) be the second derivative of -5/2*p**2 - 1/6*p**3 + 0 - p. Calculate a(j).
0
Let p(h) = h**2 + 2*h - 7. Suppose 2*u - 7 = 51. Suppose 0*o = -4*o - 3*z - u, -5*o - 3*z = 34. What is p(o)?
8
Let b = 86 - 68. Suppose -b*q = -16*q + 4. Let p(l) = 2*l**3 - 2. Give p(q).
-18
Let q(l) = 5*l - 4. Let f(p) = -14*p + 13. Let d(n) = -3*f(n) - 8*q(n). Let g(z) = 9*z**2 - 2. Let i be g(-2). Suppose -4*c = 20, s - 3*c = -13 + i. Give d(s).
5
Let o be -3 + 2 + 3 + 0. Suppose -o*m + 2 = -m. Let g(q) = -3 - 4 + 2*q - m*q - q. What is g(-10)?
3
Suppose 3 = -d - f, 5*d + 5*f - 15 = 10*d. Let n(l) = -3*l**2 - 9*l - 5. Give n(d).
-5
Let y be (-7)/(-3) - (-10)/15. Let s(k) be the third derivative of 7*k**2 + 1/60*k**5 - 1/8*k**4 + 0 + 1/6*k**y + 0*k. Determine s(3).
1
Let i(k) = -k**3 - 8*k**2 - 8*k + 4. Suppose -2*j - 19 = -5. What is i(j)?
11
Suppose -o = -2*j - 9, -3*o - 2*j + 3*j = -7. Let n(t) be the second derivative of 1/12*t**4 - 3/5*t**5 + 0*t**2 - 13*t + 2 - 1/6*t**3. What is n(o)?
-12
Suppose 0 = -4*a - 413 + 389. Let l(c) be the first derivative of -c**5/120 - c**4/3 + c**3/3 - 2. Let x(w) be the third derivative of l(w). Determine x(a).
-2
Let b(j) be the second derivative of j**5/20 - j**4/12 - j**3/3 + 392*j. Calculate b(0).
0
Let j(w) = w**2 - w - 1. Let i(l) = 3*l**2 - 12 + l**2 + l**2 - 12*l. Let c(v) = -i(v) + 6*j(v). Let s be (3/((-6)/20))/2. Give c(s).
1
Let o(p) = -p**3 - 5*p**2 - 4*p - 2. Let w be ((-50)/(-20))/(2/(-4) - 0). Determine o(w).
18
Suppose -22*d = -22 - 22. Let o(y) = -2*y + 9. Calculate o(d).
5
Let h(o) = -4*o + 2. Suppose 18 = 3*b + 3*w, -28*w + 32*w = -b + 6. Give h(b).
-22
Let m(l) = 8*l. Let v(p) = 15*p + 2. Let u(n) = -5*m(n) + 3*v(n). Calculate u(-4).
-14
Suppose -681*x = -697*x + 16. Let l(f) = 39*f**3 + 2*f**2 - 3*f + 1. What is l(x)?
39
Let v(i) be the third derivative of i**8/1344 + i**7/2520 - i**6/720 + i**5/120 + 11*i**4/12 - 33*i**2. Let q(d) be the second derivative of v(d). Give q(1).
6
Let d(s) be the third derivative of -s**6/120 - 7*s**5/60 - s**4/4 + 134*s**2. What is d(-6)?
0
Let u be -4 - -1*(4 + -8). Let o(q) = -4*q**2 - 9*q - 10. Let h(f) = 3*f**2 + 9*f + 9. Let t(z) = 3*h(z) + 2*o(z). Determine t(u).
-1
Let v(k) = k**3 + 6*k**2 - 9*k - 9. Let f(t) be the third derivative of -t**4/24 - 2*t**3/3 + 10*t**2. Let y be f(3). Calculate v(y).
5
Suppose 11 = -q + 30. Suppose -4*m - 19 + q = 0. Let v(d) = d + 7. What is v(m)?
7
Let j = -63 + 75. Suppose -j*s = -18*s - 18. Let n(t) = -2*t - 3. Calculate n(s).
3
Let n(k) = 9*k - 3. Let d(x) = -6*x + 2. Let p(b) = -8*d(b) - 5*n(b). Let y be 3*-1 - -10*80/100. Give p(y).
14
Let y(n) be the first derivative of -n**6/120 - n**5/20 + n**4/8 - n**3/3 + 19*n**2/2 + 20. Let p(m) be the second derivative of y(m). Give p(-4).
2
Let h(s) be the first derivative of -s**4/2 - s**3 - 3*s**2/2 + 3403. Let d = 3 - 5. Calculate h(d).
10
Let f(r) = -5*r - 3. Let z(t) = -17*t - 7. Let u(n) = 7*f(n) - 2*z(n). Let d = -18 - -11. Calculate u(d).
0
Let i(u) be the third derivative of -2*u**5/5 - u**4/24 - 2*u**2 + 188. Give i(1).
-25
Let n = 0 + 2. Let z(p) = -2*p**3 + 6*p**n + 3 + 4*p**3 - 5*p - 3*p**3. Suppose 64*a - 65*a = -3*c - 17, 0 = 5*c + 20. Determine z(a).
3
Suppose -6*d - d = -21. Let t(h) = 9*h - 4. Determine t(d).
23
Let p(m) = 9*m + 6. Let i(r) = -14*r - 9. Suppose 30 = -2*c - 4*x, 9*x = 3*c + 11*x + 25. Let a(j) = c*i(j) - 8*p(j). Calculate a(3).
-9
Let m = -69 - -72. Let k(b) = 5 - 3 + b + 7*b**2 - 7*b**2 - b**m. What is k(0)?
2
Let q be (5 + -6)*(0 - 27). Suppose 4*s - q = -5*n, s - 4*n - 4 = -13. Let l(v) = -3*v - 6. Let o(y) = -y - 1. Let b(c) = l(c) - 2*o(c). Determine b(s).
-7
Suppose 21 = 10*g + 31. Let c(i) = 4*i**3 - i**2 - 2*i - 1. What is c(g)?
-4
Let a(j) = 3*j + 6. Let i(f) = 1. Suppose -3*v = 2*v - 50. Let b = v - 11. Let q(u) = b*a(u) + 3*i(u). What is q(-3)?
6
Suppose 2*s = 3*y - 7, 3*y - 4*s - s - 4 = 0. Suppose -y*b + 0*b - 12 = 0. Let r(w) = w**3 + 5*w**2 + 6*w + 5. What is r(b)?
-3
Let p = 3 - 2. Let b(q) = 10*q**3 - 7*q**2 - 3*q - 6. Let n(x) = x**3 - x**2 - x - 1. Let d(r) = b(r) - 5*n(r). Determine d(p).
4
Let t = -115 - -111. Let a(m) = m**3 + 5*m**2 + 5*m - 4. What is a(t)?
-8
Let f(b) = -3*b - 2. Let s(a) = -a**3 - 10*a**2 - 9*a - 2. Suppose 3*g = 7*g + 36. Let p be s(g). Give f(p).
4
Let t = 121 + -483/4. Let c(x) be the first derivative of -t*x**4 + 0*x**3 - 1/2*x**2 + 0*x - 6. Calculate c(-1).
2
Let t(w) = w**3 - 5*w**2 - 8*w + 15. Suppose 2*